 common divisor of 267516 and 20952.
108
Calculate the greatest common divisor of 2514 and 92386986.
2514
Calculate the greatest common factor of 585 and 173435.
5
Calculate the highest common divisor of 6108395 and 1085.
155
Calculate the highest common divisor of 47847 and 220867.
41
What is the highest common divisor of 22998390 and 1380?
690
What is the greatest common divisor of 333683295 and 505?
505
Calculate the greatest common factor of 3887301 and 297.
33
What is the greatest common factor of 4550521 and 2821?
31
What is the highest common factor of 4114 and 179207897?
2057
Calculate the greatest common divisor of 20384144 and 496.
16
What is the highest common divisor of 2372 and 36289228?
2372
Calculate the highest common divisor of 533197 and 4061750.
1477
What is the greatest common divisor of 6570109 and 83266?
527
What is the greatest common factor of 40910855 and 310?
155
What is the greatest common divisor of 7532576 and 131776?
928
What is the highest common factor of 686883546 and 922?
922
Calculate the highest common divisor of 19628 and 3584.
28
What is the greatest common factor of 1227679 and 2979?
331
What is the greatest common factor of 479031 and 2478?
21
Calculate the greatest common factor of 616945272 and 24.
24
Calculate the greatest common factor of 2200 and 59212175.
275
What is the greatest common factor of 10912 and 5583968?
992
What is the highest common divisor of 36540533 and 68197?
1451
What is the highest common factor of 12635 and 61954459?
2527
Calculate the greatest common divisor of 6188 and 7416500.
364
What is the greatest common factor of 1677404025 and 3298?
1649
What is the greatest common factor of 33957699 and 382?
191
Calculate the greatest common factor of 1332743 and 1744.
109
What is the highest common divisor of 1449252 and 16581348?
6804
Calculate the highest common divisor of 8832840 and 200.
40
Calculate the highest common factor of 5944407 and 11424.
357
What is the greatest common factor of 28342236 and 7857?
291
What is the greatest common divisor of 688472 and 292576?
328
What is the greatest common divisor of 274981 and 5053?
163
Calculate the greatest common factor of 8712534 and 41220.
1374
Calculate the highest common factor of 75926124 and 60.
12
Calculate the greatest common divisor of 149931 and 24063.
1851
What is the greatest common divisor of 4 and 15638704?
4
Calculate the greatest common divisor of 26574199 and 428.
107
What is the greatest common factor of 103569455 and 2390?
1195
What is the highest common divisor of 25884 and 28638?
18
Calculate the highest common divisor of 443541016 and 2584.
2584
Calculate the greatest common divisor of 3534 and 257084364.
3534
What is the greatest common divisor of 6982 and 2873093?
3491
Calculate the highest common divisor of 360 and 567014670.
90
Calculate the greatest common divisor of 1685617 and 5.
1
What is the highest common divisor of 12663 and 2033451?
189
What is the highest common factor of 33754617 and 819?
117
Calculate the highest common factor of 996 and 1223484.
12
What is the greatest common factor of 5492988 and 12?
12
What is the greatest common factor of 2042820 and 16393?
1261
What is the greatest common factor of 131456312 and 676?
676
Calculate the greatest common factor of 536 and 61269959.
67
Calculate the greatest common factor of 30 and 6906465.
15
What is the greatest common divisor of 64 and 5115728?
16
What is the highest common divisor of 35234166 and 1496?
374
Calculate the highest common divisor of 1311583 and 61789.
637
Calculate the highest common factor of 178606230 and 1485.
165
Calculate the highest common factor of 92 and 16526282.
46
Calculate the highest common divisor of 347131 and 349.
1
Calculate the highest common factor of 3704 and 39942547.
463
Calculate the highest common divisor of 20190060 and 9680.
2420
What is the greatest common divisor of 20545 and 2809969?
587
What is the highest common divisor of 13393090 and 5665?
515
Calculate the greatest common factor of 1556 and 30797908.
1556
Calculate the greatest common divisor of 29925812 and 182.
14
What is the highest common factor of 32350 and 45286118?
1294
What is the greatest common divisor of 52862780 and 20?
20
What is the highest common factor of 1176 and 6899592?
1176
Calculate the highest common divisor of 265988 and 7961296.
9172
What is the highest common factor of 19476 and 134784?
36
Calculate the highest common divisor of 12576045 and 15.
15
What is the greatest common factor of 650 and 1002650?
50
Calculate the greatest common divisor of 4999880 and 87341.
523
Calculate the highest common factor of 542 and 257789021.
271
What is the greatest common divisor of 127475480 and 440?
440
Calculate the highest common divisor of 185 and 28958525.
5
What is the greatest common divisor of 6 and 430063212?
6
What is the highest common divisor of 59190586 and 728?
182
What is the greatest common divisor of 6380 and 18002620?
580
Calculate the highest common factor of 9890448 and 912.
48
Calculate the highest common factor of 5 and 4967655.
5
Calculate the greatest common divisor of 3737055 and 3255.
105
Calculate the highest common divisor of 83183 and 14089.
193
What is the greatest common divisor of 14 and 1483568842?
14
What is the greatest common divisor of 11088 and 21464?
8
What is the greatest common factor of 2921 and 1038392132?
2921
Calculate the highest common factor of 13405247 and 1577.
83
What is the greatest common divisor of 1048404 and 3332?
196
Calculate the greatest common factor of 182760 and 591960.
120
Calculate the highest common factor of 1204 and 58700332.
172
Calculate the highest common factor of 2118268 and 1394.
34
What is the greatest common factor of 228285 and 18957?
267
What is the greatest common divisor of 6644 and 16770664?
604
What is the highest common factor of 319 and 71711200?
319
What is the greatest common divisor of 344 and 7125659?
43
Calculate the highest common factor of 23 and 1065688118.
23
What is the highest common divisor of 1431 and 5179372?
53
Calculate the greatest common factor of 107 and 31168886.
107
Calculate the greatest common factor of 487528677 and 207.
207
What is the greatest common factor of 799 and 333484223?
799
Calculate the greatest common divisor of 1104606867 and 4134.
2067
Calculate the highest common factor of 18632635 and 152.
19
What is the greatest common divisor of 20819 and 3264223?
109
What is the greatest common divisor of 607828 and 572?
52
Calculate the highest common factor of 116 and 187265557.
29
What is the highest common factor of 306757 and 3?
1
Calculate the highest common divisor of 105859 and 76778910.
6227
What is the highest common factor of 336138 and 83127?
363
What is the highest common factor of 1145495 and 32500?
65
What is the greatest common divisor of 40493240 and 80?
40
Calculate the highest common divisor of 99063 and 54351.
81
Calculate the highest common divisor of 4047 and 1005879.
57
What is the highest common divisor of 109 and 138947205?
109
What is the highest common divisor of 270068 and 15716948?
2524
Calculate the highest common factor of 22423 and 5.
1
Calculate the greatest common divisor of 5637252 and 3132.
348
What is the greatest common divisor of 185591892 and 1048?
524
What is the highest common divisor of 680825 and 9881?
241
What is the highest common factor of 10 and 28239305?
5
What is the greatest common divisor of 786236 and 5500?
44
Calculate the greatest common divisor of 283457119 and 44.
11
Calculate the highest common factor of 51321478 and 338.
26
Calculate the highest common divisor of 48 and 71323716.
12
What is the greatest common divisor of 30379 and 901?
17
What is the highest common factor of 228633548 and 492?
164
Calculate the highest common divisor of 89111836 and 762.
254
Calculate the highest common divisor of 8484 and 132007.
101
What is the highest common factor of 6264745 and 5335?
485
What is the highest common factor of 160800 and 33659460?
4020
What is the greatest common factor of 8240 and 2021375?
515
What is the highest common factor of 38066 and 44667732?
5438
What is the greatest common factor of 24605520 and 240?
240
Calculate the highest common factor of 202 and 3259